{"id":3860,"date":"2019-05-16T11:08:41","date_gmt":"2019-05-16T09:08:41","guid":{"rendered":"https:\/\/algarrother.com\/?page_id=3860"},"modified":"2022-06-24T14:18:15","modified_gmt":"2022-06-24T12:18:15","slug":"change_de","status":"publish","type":"page","link":"https:\/\/algarrother.com\/index.php\/de\/change_de\/","title":{"rendered":"change_DE"},"content":{"rendered":"<p><div class=\"fusion-fullwidth fullwidth-box fusion-builder-row-1 nonhundred-percent-fullwidth non-hundred-percent-height-scrolling\" style=\"--awb-border-radius-top-left:0px;--awb-border-radius-top-right:0px;--awb-border-radius-bottom-right:0px;--awb-border-radius-bottom-left:0px;--awb-flex-wrap:wrap;\" ><div class=\"fusion-builder-row fusion-row\"><div class=\"fusion-layout-column fusion_builder_column fusion-builder-column-0 fusion_builder_column_1_1 1_1 fusion-one-full fusion-column-first fusion-column-last\" style=\"--awb-bg-size:cover;\"><div class=\"fusion-column-wrapper fusion-column-has-shadow fusion-flex-column-wrapper-legacy\"><div class=\"fusion-text fusion-text-1\"><h1>Change<\/h1>\n<\/div><div class=\"fusion-text fusion-text-2\"><p style=\"text-align: center; font-size: 16px;\"><em>\u201eWir k\u00f6nnen uns an den alten Geschichten w\u00e4rmen, aber unser Blick muss in die Zukunft gehen.\u201c<\/em> &#8211; Horst Schiermann<\/p>\n<\/div><div class=\"fusion-clearfix\"><\/div><\/div><\/div><\/div><\/div><div class=\"fusion-fullwidth fullwidth-box fusion-builder-row-2 nonhundred-percent-fullwidth non-hundred-percent-height-scrolling fusion-no-large-visibility\" style=\"--awb-border-radius-top-left:0px;--awb-border-radius-top-right:0px;--awb-border-radius-bottom-right:0px;--awb-border-radius-bottom-left:0px;--awb-flex-wrap:wrap;\" ><div class=\"fusion-builder-row fusion-row\"><div class=\"fusion-layout-column fusion_builder_column fusion-builder-column-1 fusion_builder_column_1_1 1_1 fusion-one-full fusion-column-first fusion-column-last\" style=\"--awb-bg-size:cover;\"><div class=\"fusion-column-wrapper fusion-column-has-shadow fusion-flex-column-wrapper-legacy\"><div class=\"fusion-image-element fusion-image-align-center in-legacy-container\" style=\"text-align:center;--awb-caption-title-font-family:var(--h2_typography-font-family);--awb-caption-title-font-weight:var(--h2_typography-font-weight);--awb-caption-title-font-style:var(--h2_typography-font-style);--awb-caption-title-size:var(--h2_typography-font-size);--awb-caption-title-transform:var(--h2_typography-text-transform);--awb-caption-title-line-height:var(--h2_typography-line-height);--awb-caption-title-letter-spacing:var(--h2_typography-letter-spacing);\"><div class=\"imageframe-align-center\"><span class=\" fusion-imageframe imageframe-none imageframe-1 hover-type-none fusion-animated\" data-animationType=\"fadeInRight\" data-animationDuration=\"0.3\" data-animationOffset=\"top-into-view\"><img decoding=\"async\" width=\"600\" height=\"400\" title=\"5_change\" src=\"https:\/\/algarrother.com\/wp-content\/uploads\/2019\/05\/5_change-600x400.jpg\" alt class=\"img-responsive wp-image-3861\" srcset=\"https:\/\/algarrother.com\/wp-content\/uploads\/2019\/05\/5_change-200x133.jpg 200w, https:\/\/algarrother.com\/wp-content\/uploads\/2019\/05\/5_change-400x267.jpg 400w, https:\/\/algarrother.com\/wp-content\/uploads\/2019\/05\/5_change-600x400.jpg 600w, https:\/\/algarrother.com\/wp-content\/uploads\/2019\/05\/5_change-800x533.jpg 800w, https:\/\/algarrother.com\/wp-content\/uploads\/2019\/05\/5_change-1200x800.jpg 1200w\" sizes=\"(max-width: 800px) 100vw, 600px\" \/><\/span><\/div><\/div><div class=\"fusion-clearfix\"><\/div><\/div><\/div><div class=\"fusion-layout-column fusion_builder_column fusion-builder-column-2 fusion_builder_column_1_1 1_1 fusion-one-full fusion-column-first fusion-column-last\" style=\"--awb-bg-size:cover;\"><div class=\"fusion-column-wrapper fusion-column-has-shadow fusion-flex-column-wrapper-legacy\"><div class=\"fusion-text fusion-text-3\"><h2>Ver\u00e4nderungen wirksam und nachhaltig gestalten<\/h2>\n<p>Kostendruck, ver\u00e4nderte Kundenw\u00fcnsche und das digitale Zeitalter stellen Unternehmen vor gro\u00dfe Herausforderungen. Sie wollen vor diesem Hintergrund die Zukunftsf\u00e4higkeit und Wettbewerbsf\u00e4higkeit Ihres Unternehmens sichern? Sie wollen Ver\u00e4nderungen, aber nicht die Wurzeln des Unternehmens besch\u00e4digen? Sie m\u00f6chten den optimalen Weg finden zwischen Tradition und Moderne, zwischen Effizienz und St\u00e4rkung der Innovation?<\/p>\n<p>Change Projekte sind heute vielf\u00e4ltiger und grundlegender denn je: Strukturen, Strategien, Visionen werden auf den Pr\u00fcfstand gestellt. Die Qualifikationen, Unternehmens- und F\u00fchrungskultur m\u00fcssen \u00fcberdacht werden. Eine Strategische Neuausrichtung kann neue Partnerschaften bedeuten, Outsourcing und Wachstum oder das Erschlie\u00dfen neuer Gesch\u00e4ftsfelder. Oder es geht um Optimierung von Gesch\u00e4ftsprozessen, Reorganisation, Lean Transformation, agile Organisationsformen und Arbeitsmethoden?<\/p>\n<p>Bei tiefgreifenden Ver\u00e4nderungsprozessen ist es gut, einen erfahrenen Partner an Ihrer Seite zu haben.<\/p>\n<\/div><div class=\"fusion-clearfix\"><\/div><\/div><\/div><\/div><\/div><div class=\"fusion-fullwidth fullwidth-box fusion-builder-row-3 nonhundred-percent-fullwidth non-hundred-percent-height-scrolling fusion-no-small-visibility fusion-no-medium-visibility\" style=\"--awb-border-radius-top-left:0px;--awb-border-radius-top-right:0px;--awb-border-radius-bottom-right:0px;--awb-border-radius-bottom-left:0px;--awb-flex-wrap:wrap;\" ><div class=\"fusion-builder-row fusion-row\"><div class=\"fusion-layout-column fusion_builder_column fusion-builder-column-3 fusion_builder_column_3_5 3_5 fusion-three-fifth fusion-column-first\" style=\"--awb-bg-size:cover;width:60%;width:calc(60% - ( ( 4% ) * 0.6 ) );margin-right: 4%;\"><div class=\"fusion-column-wrapper fusion-column-has-shadow fusion-flex-column-wrapper-legacy\"><div class=\"fusion-text fusion-text-4\"><h2>Ver\u00e4nderungen wirksam und nachhaltig gestalten<\/h2>\n<p>Kostendruck, ver\u00e4nderte Kundenw\u00fcnsche und das digitale Zeitalter stellen Unternehmen vor gro\u00dfe Herausforderungen. Sie wollen vor diesem Hintergrund die Zukunftsf\u00e4higkeit und Wettbewerbsf\u00e4higkeit Ihres Unternehmens sichern? Sie wollen Ver\u00e4nderungen, aber nicht die Wurzeln des Unternehmens besch\u00e4digen? Sie m\u00f6chten den optimalen Weg finden zwischen Tradition und Moderne, zwischen Effizienz und St\u00e4rkung der Innovation?<\/p>\n<p>Change Projekte sind heute vielf\u00e4ltiger und grundlegender denn je: Strukturen, Strategien, Visionen werden auf den Pr\u00fcfstand gestellt. Die Qualifikationen, Unternehmens- und F\u00fchrungskultur m\u00fcssen \u00fcberdacht werden. Eine Strategische Neuausrichtung kann neue Partnerschaften bedeuten, Outsourcing und Wachstum oder das Erschlie\u00dfen neuer Gesch\u00e4ftsfelder. Oder es geht um Optimierung von Gesch\u00e4ftsprozessen, Reorganisation, Lean Transformation, agile Organisationsformen und Arbeitsmethoden?<\/p>\n<p>Bei tiefgreifenden Ver\u00e4nderungsprozessen ist es gut, einen erfahrenen Partner an Ihrer Seite zu haben.<\/p>\n<\/div><div class=\"fusion-clearfix\"><\/div><\/div><\/div><div class=\"fusion-layout-column fusion_builder_column fusion-builder-column-4 fusion_builder_column_2_5 2_5 fusion-two-fifth fusion-column-last\" style=\"--awb-bg-size:cover;width:40%;width:calc(40% - ( ( 4% ) * 0.4 ) );\"><div class=\"fusion-column-wrapper fusion-column-has-shadow fusion-flex-column-wrapper-legacy\"><div class=\"fusion-image-element fusion-image-align-left in-legacy-container\" style=\"text-align:left;--awb-caption-title-font-family:var(--h2_typography-font-family);--awb-caption-title-font-weight:var(--h2_typography-font-weight);--awb-caption-title-font-style:var(--h2_typography-font-style);--awb-caption-title-size:var(--h2_typography-font-size);--awb-caption-title-transform:var(--h2_typography-text-transform);--awb-caption-title-line-height:var(--h2_typography-line-height);--awb-caption-title-letter-spacing:var(--h2_typography-letter-spacing);\"><span class=\" fusion-imageframe imageframe-none imageframe-2 hover-type-none fusion-animated\" style=\"margin-right:25px;float:left;\" data-animationType=\"fadeInRight\" data-animationDuration=\"0.3\" data-animationOffset=\"top-into-view\"><img decoding=\"async\" width=\"600\" height=\"400\" title=\"5_change\" src=\"https:\/\/algarrother.com\/wp-content\/uploads\/2019\/05\/5_change-600x400.jpg\" alt class=\"img-responsive wp-image-3861\" srcset=\"https:\/\/algarrother.com\/wp-content\/uploads\/2019\/05\/5_change-200x133.jpg 200w, https:\/\/algarrother.com\/wp-content\/uploads\/2019\/05\/5_change-400x267.jpg 400w, https:\/\/algarrother.com\/wp-content\/uploads\/2019\/05\/5_change-600x400.jpg 600w, https:\/\/algarrother.com\/wp-content\/uploads\/2019\/05\/5_change-800x533.jpg 800w, https:\/\/algarrother.com\/wp-content\/uploads\/2019\/05\/5_change-1200x800.jpg 1200w\" sizes=\"(max-width: 800px) 100vw, 600px\" \/><\/span><\/div><div class=\"fusion-clearfix\"><\/div><\/div><\/div><\/div><\/div><div class=\"fusion-fullwidth fullwidth-box fusion-builder-row-4 nonhundred-percent-fullwidth non-hundred-percent-height-scrolling\" style=\"--awb-border-radius-top-left:0px;--awb-border-radius-top-right:0px;--awb-border-radius-bottom-right:0px;--awb-border-radius-bottom-left:0px;--awb-flex-wrap:wrap;\" ><div class=\"fusion-builder-row fusion-row\"><div class=\"fusion-layout-column fusion_builder_column fusion-builder-column-5 fusion_builder_column_1_1 1_1 fusion-one-full fusion-column-first fusion-column-last\" style=\"--awb-bg-size:cover;\"><div class=\"fusion-column-wrapper fusion-column-has-shadow fusion-flex-column-wrapper-legacy\"><div class=\"fusion-text fusion-text-5\"><p>Wir haben in mehr als 20 Jahren viele erfolgreiche Ver\u00e4nderungen begleitet, und dabei eine besondere Expertise im Umgang mit dem Faktor \u201eMensch\u201c entwickelt. Menschen entscheiden \u00fcber den Erfolg von Innovationen oder Ver\u00e4nderungen ihres Unternehmens. Wir begleiten Menschen bei der Ver\u00e4nderung ihres Mindsets und ihrer praktischen Verhaltens- und Arbeitsweisen. Um Menschen zu aktiven Mitspielern einer Ver\u00e4nderung zu machen kommt es darauf an,<\/p>\n<ul>\n<li>das <strong>Warum<\/strong> einer Ver\u00e4nderung klar und nachvollziehbar zu vermitteln,<\/li>\n<li>Vorbilder in der Organisation zu unterst\u00fctzen,<\/li>\n<li>Systeme, Tools und Strukturen darauf auszurichten,<\/li>\n<li>die zuk\u00fcnftig ben\u00f6tigten Skills und Qualifikation sicherzustellen.<\/li>\n<\/ul>\n<\/div><div class=\"fusion-clearfix\"><\/div><\/div><\/div><\/div><\/div><div class=\"fusion-fullwidth fullwidth-box fusion-builder-row-5 nonhundred-percent-fullwidth non-hundred-percent-height-scrolling fusion-no-large-visibility\" style=\"--awb-border-radius-top-left:0px;--awb-border-radius-top-right:0px;--awb-border-radius-bottom-right:0px;--awb-border-radius-bottom-left:0px;--awb-flex-wrap:wrap;\" ><div class=\"fusion-builder-row fusion-row\"><div class=\"fusion-layout-column fusion_builder_column fusion-builder-column-6 fusion_builder_column_1_1 1_1 fusion-one-full fusion-column-first fusion-column-last\" style=\"--awb-bg-size:cover;\"><div class=\"fusion-column-wrapper fusion-column-has-shadow fusion-flex-column-wrapper-legacy\"><div class=\"fusion-image-element fusion-image-align-center in-legacy-container\" style=\"text-align:center;--awb-caption-title-font-family:var(--h2_typography-font-family);--awb-caption-title-font-weight:var(--h2_typography-font-weight);--awb-caption-title-font-style:var(--h2_typography-font-style);--awb-caption-title-size:var(--h2_typography-font-size);--awb-caption-title-transform:var(--h2_typography-text-transform);--awb-caption-title-line-height:var(--h2_typography-line-height);--awb-caption-title-letter-spacing:var(--h2_typography-letter-spacing);\"><div class=\"imageframe-align-center\"><span class=\" fusion-imageframe imageframe-none imageframe-3 hover-type-none fusion-animated\" data-animationType=\"fadeInRight\" data-animationDuration=\"0.3\" data-animationOffset=\"top-into-view\"><img decoding=\"async\" width=\"600\" height=\"391\" title=\"change_komplexitaetDE\" src=\"https:\/\/algarrother.com\/wp-content\/uploads\/2019\/12\/change_komplexitaetDE-600x391.png\" alt class=\"img-responsive wp-image-4300\" srcset=\"https:\/\/algarrother.com\/wp-content\/uploads\/2019\/12\/change_komplexitaetDE-200x130.png 200w, https:\/\/algarrother.com\/wp-content\/uploads\/2019\/12\/change_komplexitaetDE-400x261.png 400w, https:\/\/algarrother.com\/wp-content\/uploads\/2019\/12\/change_komplexitaetDE-600x391.png 600w, https:\/\/algarrother.com\/wp-content\/uploads\/2019\/12\/change_komplexitaetDE-800x522.png 800w, https:\/\/algarrother.com\/wp-content\/uploads\/2019\/12\/change_komplexitaetDE.png 1047w\" sizes=\"(max-width: 800px) 100vw, 600px\" \/><\/span><\/div><\/div><div class=\"fusion-clearfix\"><\/div><\/div><\/div><div class=\"fusion-layout-column fusion_builder_column fusion-builder-column-7 fusion_builder_column_1_1 1_1 fusion-one-full fusion-column-first fusion-column-last\" style=\"--awb-bg-size:cover;\"><div class=\"fusion-column-wrapper fusion-column-has-shadow fusion-flex-column-wrapper-legacy\"><div class=\"fusion-text fusion-text-6\"><p>Wir unterscheiden sehr bewusst nach entsprechendem Komplexit\u00e4tsgrad Ihrer Ver\u00e4nderung. Nach M\u00f6glichkeit reduzieren wir diesen und helfen Ihnen, die Change-Dynamiken wirksam zu nutzen.<\/p>\n<p>Dazu greifen wir in unsere Change Toolbox und sch\u00f6pfen das volle Potenzial der Modelle und Konzepte aus, \u00a0von Elisabeth K\u00fcbler-Ross, Claes F. Janssen \u00fcber John P. Kotter bis hin zu systemischen Ans\u00e4tzen auf Basis der positiven Psychologie und nat\u00fcrlich agilen Methoden.<\/p>\n<p>Wir begleiten Sie durch alle Phasen des Changes, denn unser Ziel ist es, Menschen bei kulturellen und strukturellen Ver\u00e4nderungen mitzunehmen.<\/p>\n<p>Sie k\u00f6nnen von uns neuartige, kreative Ans\u00e4tze erwarten. Gleichzeitig verf\u00fcgen wir \u00fcber das n\u00f6tige Prozesswissen, um komplexe Ver\u00e4nderungen systematisch umzusetzen.<\/p>\n<p>Unsere Coaches &amp; Consultants verstehen schnell, vor welchen Anforderungen Ihre Organisation in Bezug auf Ver\u00e4nderungsnotwendigkeiten steht und setzen diese in geeignete Ma\u00dfnahmen um. Mit Herzensw\u00e4rme, Klarheit und Erfahrung. (Bitte werfen Sie einen Blick auf unsere <u><a href=\"http:\/\/algarrother.com\/index.php\/de\/referenzen\/\">Referenzen<\/a><\/u>).<\/p>\n<\/div><div class=\"fusion-clearfix\"><\/div><\/div><\/div><\/div><\/div><div class=\"fusion-fullwidth fullwidth-box fusion-builder-row-6 nonhundred-percent-fullwidth non-hundred-percent-height-scrolling fusion-no-small-visibility fusion-no-medium-visibility\" style=\"--awb-border-radius-top-left:0px;--awb-border-radius-top-right:0px;--awb-border-radius-bottom-right:0px;--awb-border-radius-bottom-left:0px;--awb-flex-wrap:wrap;\" ><div class=\"fusion-builder-row fusion-row\"><div class=\"fusion-layout-column fusion_builder_column fusion-builder-column-8 fusion_builder_column_3_5 3_5 fusion-three-fifth fusion-column-first\" style=\"--awb-bg-size:cover;width:60%;width:calc(60% - ( ( 4% ) * 0.6 ) );margin-right: 4%;\"><div class=\"fusion-column-wrapper fusion-column-has-shadow fusion-flex-column-wrapper-legacy\"><div class=\"fusion-text fusion-text-7\"><p>Wir unterscheiden sehr bewusst nach entsprechendem Komplexit\u00e4tsgrad Ihrer Ver\u00e4nderung. Nach M\u00f6glichkeit reduzieren wir diesen und helfen Ihnen, die Change-Dynamiken wirksam zu nutzen.<\/p>\n<p>Dazu greifen wir in unsere Change Toolbox und sch\u00f6pfen das volle Potenzial der Modelle und Konzepte aus, \u00a0von Elisabeth K\u00fcbler-Ross, Claes F. Janssen \u00fcber John P. Kotter bis hin zu systemischen Ans\u00e4tzen auf Basis der positiven Psychologie und nat\u00fcrlich agilen Methoden.<\/p>\n<p>Wir begleiten Sie durch alle Phasen des Changes, denn unser Ziel ist es, Menschen bei kulturellen und strukturellen Ver\u00e4nderungen mitzunehmen.<\/p>\n<p>Sie k\u00f6nnen von uns neuartige, kreative Ans\u00e4tze erwarten. Gleichzeitig verf\u00fcgen wir \u00fcber das n\u00f6tige Prozesswissen, um komplexe Ver\u00e4nderungen systematisch umzusetzen.<\/p>\n<p>Unsere Coaches &amp; Consultants verstehen schnell, vor welchen Anforderungen Ihre Organisation in Bezug auf Ver\u00e4nderungsnotwendigkeiten steht und setzen diese in geeignete Ma\u00dfnahmen um. Mit Herzensw\u00e4rme, Klarheit und Erfahrung. (bitte werfen Sie einen Blick auf unsere\u00a0<u><a href=\"http:\/\/algarrother.com\/index.php\/de\/referenzen\/\">Referenzen<\/a><\/u>).<\/p>\n<\/div><div class=\"fusion-clearfix\"><\/div><\/div><\/div><div class=\"fusion-layout-column fusion_builder_column fusion-builder-column-9 fusion_builder_column_2_5 2_5 fusion-two-fifth fusion-column-last\" style=\"--awb-bg-size:cover;width:40%;width:calc(40% - ( ( 4% ) * 0.4 ) );\"><div class=\"fusion-column-wrapper fusion-column-has-shadow fusion-flex-column-wrapper-legacy\"><div class=\"fusion-image-element fusion-image-align-left in-legacy-container\" style=\"text-align:left;--awb-caption-title-font-family:var(--h2_typography-font-family);--awb-caption-title-font-weight:var(--h2_typography-font-weight);--awb-caption-title-font-style:var(--h2_typography-font-style);--awb-caption-title-size:var(--h2_typography-font-size);--awb-caption-title-transform:var(--h2_typography-text-transform);--awb-caption-title-line-height:var(--h2_typography-line-height);--awb-caption-title-letter-spacing:var(--h2_typography-letter-spacing);\"><span class=\" fusion-imageframe imageframe-none imageframe-4 hover-type-none fusion-animated\" style=\"margin-right:25px;float:left;\" data-animationType=\"fadeInRight\" data-animationDuration=\"0.3\" data-animationOffset=\"top-into-view\"><img decoding=\"async\" width=\"600\" height=\"391\" title=\"change_komplexitaetDE\" src=\"https:\/\/algarrother.com\/wp-content\/uploads\/2019\/12\/change_komplexitaetDE-600x391.png\" alt class=\"img-responsive wp-image-4300\" srcset=\"https:\/\/algarrother.com\/wp-content\/uploads\/2019\/12\/change_komplexitaetDE-200x130.png 200w, https:\/\/algarrother.com\/wp-content\/uploads\/2019\/12\/change_komplexitaetDE-400x261.png 400w, https:\/\/algarrother.com\/wp-content\/uploads\/2019\/12\/change_komplexitaetDE-600x391.png 600w, https:\/\/algarrother.com\/wp-content\/uploads\/2019\/12\/change_komplexitaetDE-800x522.png 800w, https:\/\/algarrother.com\/wp-content\/uploads\/2019\/12\/change_komplexitaetDE.png 1047w\" sizes=\"(max-width: 800px) 100vw, 600px\" \/><\/span><\/div><div class=\"fusion-clearfix\"><\/div><\/div><\/div><\/div><\/div><div class=\"fusion-fullwidth fullwidth-box fusion-builder-row-7 nonhundred-percent-fullwidth non-hundred-percent-height-scrolling fusion-equal-height-columns\" style=\"--awb-border-radius-top-left:0px;--awb-border-radius-top-right:0px;--awb-border-radius-bottom-right:0px;--awb-border-radius-bottom-left:0px;--awb-flex-wrap:wrap;\" ><div class=\"fusion-builder-row fusion-row\"><div class=\"fusion-layout-column fusion_builder_column fusion-builder-column-10 fusion_builder_column_1_1 1_1 fusion-one-full fusion-column-first fusion-column-last\" style=\"--awb-bg-size:cover;\"><div class=\"fusion-column-wrapper fusion-column-has-shadow fusion-flex-column-wrapper-legacy\"><div class=\"fusion-sep-clear\"><\/div><div class=\"fusion-separator fusion-full-width-sep\" style=\"margin-left: auto;margin-right: auto;margin-bottom:40px;width:100%;\"><div class=\"fusion-separator-border sep-shadow\" style=\"--awb-height:20px;--awb-amount:20px;background:radial-gradient(ellipse at 50% -50% , #e0dede 0px, rgba(255, 255, 255, 0) 80%) repeat scroll 0 0 rgba(0, 0, 0, 0);background:-webkit-radial-gradient(ellipse at 50% -50% , #e0dede 0px, rgba(255, 255, 255, 0) 80%) repeat scroll 0 0 rgba(0, 0, 0, 0);background:-moz-radial-gradient(ellipse at 50% -50% , #e0dede 0px, rgba(255, 255, 255, 0) 80%) repeat scroll 0 0 rgba(0, 0, 0, 0);background:-o-radial-gradient(ellipse at 50% -50% , #e0dede 0px, rgba(255, 255, 255, 0) 80%) repeat scroll 0 0 rgba(0, 0, 0, 0);\"><\/div><\/div><div class=\"fusion-sep-clear\"><\/div><div class=\"fusion-text fusion-text-8\"><h2>Hier ein Auszug unserer Referenzprojekte<\/h2>\n<p><strong>Reorganisation <\/strong>\u2013 Pharmaindustrie<\/p>\n<p><em>Operationsunit mit dem Ziel, \u201cschlagkr\u00e4ftige verkleinerte Produktionseinheiten\u201c zu schaffen, die am Wertstrom und an der Lean Philosophie ausgerichtet sind. Begleitung des Core F\u00fchrungsteams im Wandel, Begleitung der Organisationsentwicklung der neu entstandenen \u201eFocused Factories\u201c.<\/em><\/p>\n<p><strong>Umgang mit Widerst\u00e4nden im globalen Change<\/strong> \u2013 Medizintechnik<\/p>\n<p><em>F\u00fchrungskr\u00e4fte aus 17 Nationen einer globalen Businessunit in einer moderierten Jahreskonferenz zusammenf\u00fchren und systematisch zu mehr Offenheit und Austausch motivieren. Zielsetzung: Gr\u00fcnde f\u00fcr Widerst\u00e4nde im laufenden, globalen Change kl\u00e4ren und gemeinsame Handlungsfelder abzuleiten. Sparring mit der Businessunit-Leitung.<\/em><\/p>\n<p><strong>Prozessoptimierung <\/strong>\u2013 Telekommunikation<\/p>\n<p><em>Beratung bei der Neuausrichtung im Bereich Personalentwicklung f\u00fcr F\u00fchrungskr\u00e4fte. Einf\u00fchrung eines Leadership-Development Programms sowie Strukturierung des Dienstleistungsportfolios.<\/em><\/p>\n<p>Am Ende entscheidet der Faktor \u201eMensch\u201c \u00fcber das Gelingen von Ver\u00e4nderungen.<br \/>\nUnser Experten-Team \u00fcberzeugt und nimmt Sie und die Menschen in Ihrer Organisation in der Ver\u00e4nderung emotional wie kognitiv mit &#8211; von der Konzeption \u00fcber die Umsetzung bis hin zur Evaluation.<\/p>\n<p>Sprechen Sie uns an.<\/p>\n<\/div><div class=\"fusion-clearfix\"><\/div><\/div><\/div><\/div><\/div><\/p>\n","protected":false},"excerpt":{"rendered":"","protected":false},"author":5,"featured_media":0,"parent":0,"menu_order":0,"comment_status":"closed","ping_status":"closed","template":"","meta":{"footnotes":""},"class_list":["post-3860","page","type-page","status-publish","hentry"],"_links":{"self":[{"href":"https:\/\/algarrother.com\/index.php\/wp-json\/wp\/v2\/pages\/3860","targetHints":{"allow":["GET"]}}],"collection":[{"href":"https:\/\/algarrother.com\/index.php\/wp-json\/wp\/v2\/pages"}],"about":[{"href":"https:\/\/algarrother.com\/index.php\/wp-json\/wp\/v2\/types\/page"}],"author":[{"embeddable":true,"href":"https:\/\/algarrother.com\/index.php\/wp-json\/wp\/v2\/users\/5"}],"replies":[{"embeddable":true,"href":"https:\/\/algarrother.com\/index.php\/wp-json\/wp\/v2\/comments?post=3860"}],"version-history":[{"count":21,"href":"https:\/\/algarrother.com\/index.php\/wp-json\/wp\/v2\/pages\/3860\/revisions"}],"predecessor-version":[{"id":6284,"href":"https:\/\/algarrother.com\/index.php\/wp-json\/wp\/v2\/pages\/3860\/revisions\/6284"}],"wp:attachment":[{"href":"https:\/\/algarrother.com\/index.php\/wp-json\/wp\/v2\/media?parent=3860"}],"curies":[{"name":"wp","href":"https:\/\/api.w.org\/{rel}","templated":true}]}}